{"id":40,"date":"2012-02-27T00:31:47","date_gmt":"2012-02-26T23:31:47","guid":{"rendered":"http:\/\/www.assocardan.org\/?page_id=40"},"modified":"2026-03-10T16:45:17","modified_gmt":"2026-03-10T15:45:17","slug":"lequipe","status":"publish","type":"page","link":"https:\/\/www.assocardan.org\/?page_id=40","title":{"rendered":"L&#8217;EQUIPE"},"content":{"rendered":"\n<p>Pour lire notre dernier rapport d&#8217;orientation et d&#8217;activit\u00e9, t\u00e9l\u00e9chargez-le en cliquant sur <strong><a href=\"http:\/\/www.assocardan.org\/PDF\/AG\/ag-25-26.pdf\" target=\"_blank\" rel=\"noreferrer noopener\">ce lien<\/a><\/strong>.<\/p>\n\n\n\n<div style=\"height:20px\" aria-hidden=\"true\" class=\"wp-block-spacer\"><\/div>\n\n\n\n<p class=\"has-vivid-red-color has-text-color has-medium-font-size\"><strong>B\u00e9n\u00e9voles <\/strong>:<\/p>\n\n\n\n<p><strong>Formation \u00e0 Saint-Roch<\/strong> : Ariane Basl\u00e9, Chantal Boucher, Claire Chesnot, Anne Couteau, Corine Croize, Caroline Darguel, Patrice Delporte, Mich\u00e8le Devillers, A-Marie Dubois, Fatima El Amri, Jacqueline Goret, Pascaline Gosset, Sabine Gravez, Camille Hedin, Fabienne Hermant, Martine Lefebvre, Caroline Lepretre, Camille Muchembled, Danielle Sergeant, Catherine Teyssedou, Pierrette Wallart, Dihia Yacine.<\/p>\n\n\n\n<p><strong>Amiens Sud<\/strong> : Fr\u00e9d\u00e9ric Blaind, C\u00e9line Vandaele, Mathilde Fernaux, Lysiane Descamps, M-Claude Deray, M-Pascale Baronnet, Jacqueline Diquelou, Mich\u00e8le Baron, Genevi\u00e8ve Jammet, Naomi Mbuani, Monique Perrot.<\/p>\n\n\n\n<p><strong>Balzac<\/strong> : Justine Motton, Mirita Merckaert, Aude Mercoyrol, Chantal Ledoux, Annie Bricheux, Claire Asselin, Anny Colange, Fadila Teurki, Amathe Kaagne, Jade Renoult, C\u00e9cilia Monvoisin, Emma Dubourg, Ana\u00eblle Benmouffok, Fatine El Mamouni, Virginie Decayeux, Rosicler Andrade, H\u00e9l\u00e8ne Gauthier.<\/p>\n\n\n\n<p><strong>\u00c9touvie<\/strong> : Corinne Cheron, Jeanne Poulin.<\/p>\n\n\n\n<p><strong>Leitura Furiosa<\/strong> : Camille Berthout, Joseph Boinet, No\u00e9mie Cad\u00e9e, Yvonne Caron, Arnaud Chemin amie, Corinne Cheron, Florence Crigny, Philippe Crigny, Yannick Dargaisse, H\u00e9l\u00e8ne De Saint Germain, Fran\u00e7oise Defran\u00e7ois, Vincent Denorme, Mich\u00e8le Devillers, Anne-Marie Dubois, Rabah Ferkioui, Ga\u00ebl, H\u00e9l\u00e8ne Gauthier, Fabien Haleine, Delphine H\u00e9nache, H\u00e9l\u00e8ne Hochart, Blandine Husson, Virginie Iriarte Arriola, Hawa Kafando, Amathe Kagne, Marianne Kuperberg, Guillaume Lambert, ElIsabeth Lavecot, Dominique Leclercq, Isabelle Lecul, Martine Lefebvre, Chlo\u00e9 Lemaire, Lucie Lemaire, Caroline Lepretre, Claudine Licour, \u00c9ric Louis, Sandrine Martin, Oc\u00e9ane Maufroy, Mirita Merckaert Ribeiro, Aude Mercoyrol, C\u00e9cilia Monvoisin, Oc\u00e9ane, Agn\u00e8s Orosco, Mariella Palmieri, Louis Paul, Ana\u00efs Pipart, Jean-Louis Quillet, R\u00e9gina Quillet, Larissa Reitzman, Laurence Renault, Jacqueline Roignant, Luiz Rosas, Zulem Rosas, Sandrine, Lilia Smaoun, Patricia Templeux, Catherine Teyssedou.<\/p>\n\n\n\n<p><strong>Ma Parole<\/strong> : Camille Berthout, Aude Mercoyrol, Corinne Cheron, C\u00e9line Pruvot, Yvonne Caron, No\u00e9mie Cad\u00e9e, Patricia Templeux, Yannick Dargaisse.<\/p>\n\n\n\n<div style=\"height:20px\" aria-hidden=\"true\" class=\"wp-block-spacer\"><\/div>\n\n\n\n<p class=\"has-vivid-red-color has-text-color has-medium-font-size\"><strong>Conseil d&#8217;administration : <\/strong><\/p>\n\n\n\n<p>Marc Baucher, Eug\u00e8ne B\u00e9goc, Camille Berthout, Corinne Cheron, Mich\u00e8le Devillers, J-Louis Estany, Catherine Gacquer, Zineb Ghallab, Claudine Licour, Marie Martin Hidalgo, Aude Mercoyrol, Simon Esterlingot, Ana\u00efs Pipart.<\/p>\n\n\n\n<div style=\"height:20px\" aria-hidden=\"true\" class=\"wp-block-spacer\"><\/div>\n\n\n\n<p class=\"has-vivid-red-color has-text-color has-medium-font-size\"><strong>Administratif : <\/strong><\/p>\n\n\n\n<p>Claudine Licour, William Mussche<\/p>\n\n\n\n<div style=\"height:20px\" aria-hidden=\"true\" class=\"wp-block-spacer\"><\/div>\n\n\n\n<p class=\"has-vivid-red-color has-text-color has-medium-font-size\"><strong>Mise en page : <\/strong><\/p>\n\n\n\n<p>Luiz Rosas<\/p>\n\n\n\n<div style=\"height:20px\" aria-hidden=\"true\" class=\"wp-block-spacer\"><\/div>\n\n\n\n<p class=\"has-vivid-red-color has-text-color has-medium-font-size\"><strong>Salari\u00e9s<\/strong><\/p>\n\n\n\n<p><strong>M\u00e9diatrices du livre<\/strong> : M\u00e9linda N\u00e9gozio, Eva Haleine et Laurence Lesueur<\/p>\n\n\n\n<p><strong>Formateurs<\/strong> : Val\u00e9rie Joly, L\u0153titia Haye, Eva Haleine, Denis Lic\u00e9 et Jean-Christophe Iriarte Arriola<\/p>\n\n\n\n<p><strong>Coordinateur<\/strong> : Jean-Christophe Iriarte Arriola<\/p>\n\n\n\n<p><strong>Entretien des locaux<\/strong> : Catia Carvalho<\/p>\n\n\n\n<p><\/p>\n","protected":false},"excerpt":{"rendered":"<p>Pour lire notre dernier rapport d&#8217;orientation et d&#8217;activit\u00e9, t\u00e9l\u00e9chargez-le en cliquant sur ce lien. B\u00e9n\u00e9voles : Formation \u00e0 Saint-Roch : Ariane Basl\u00e9, Chantal Boucher, Claire Chesnot, Anne Couteau, Corine Croize, [&hellip;]<\/p>\n","protected":false},"author":1,"featured_media":0,"parent":0,"menu_order":5,"comment_status":"closed","ping_status":"closed","template":"","meta":{"footnotes":""},"class_list":["post-40","page","type-page","status-publish","hentry"],"_links":{"self":[{"href":"https:\/\/www.assocardan.org\/index.php?rest_route=\/wp\/v2\/pages\/40","targetHints":{"allow":["GET"]}}],"collection":[{"href":"https:\/\/www.assocardan.org\/index.php?rest_route=\/wp\/v2\/pages"}],"about":[{"href":"https:\/\/www.assocardan.org\/index.php?rest_route=\/wp\/v2\/types\/page"}],"author":[{"embeddable":true,"href":"https:\/\/www.assocardan.org\/index.php?rest_route=\/wp\/v2\/users\/1"}],"replies":[{"embeddable":true,"href":"https:\/\/www.assocardan.org\/index.php?rest_route=%2Fwp%2Fv2%2Fcomments&post=40"}],"version-history":[{"count":38,"href":"https:\/\/www.assocardan.org\/index.php?rest_route=\/wp\/v2\/pages\/40\/revisions"}],"predecessor-version":[{"id":10474,"href":"https:\/\/www.assocardan.org\/index.php?rest_route=\/wp\/v2\/pages\/40\/revisions\/10474"}],"wp:attachment":[{"href":"https:\/\/www.assocardan.org\/index.php?rest_route=%2Fwp%2Fv2%2Fmedia&parent=40"}],"curies":[{"name":"wp","href":"https:\/\/api.w.org\/{rel}","templated":true}]}}

<p>Pour lire notre dernier rapport d&#8217;orientation et d&#8217;activité, téléchargez-le en cliquant sur <strong><a href="http://www.assocardan.org/PDF/AG/ag-25-26.pdf" target="_blank" rel="noreferrer noopener">ce lien</a></strong>.</p>



<div style="height:20px" aria-hidden="true" class="wp-block-spacer"></div>



<p class="has-vivid-red-color has-text-color has-medium-font-size"><strong>Bénévoles </strong>:</p>



<p><strong>Formation à Saint-Roch</strong> : Ariane Baslé, Chantal Boucher, Claire Chesnot, Anne Couteau, Corine Croize, Caroline Darguel, Patrice Delporte, Michèle Devillers, A-Marie Dubois, Fatima El Amri, Jacqueline Goret, Pascaline Gosset, Sabine Gravez, Camille Hedin, Fabienne Hermant, Martine Lefebvre, Caroline Lepretre, Camille Muchembled, Danielle Sergeant, Catherine Teyssedou, Pierrette Wallart, Dihia Yacine.</p>



<p><strong>Amiens Sud</strong> : Frédéric Blaind, Céline Vandaele, Mathilde Fernaux, Lysiane Descamps, M-Claude Deray, M-Pascale Baronnet, Jacqueline Diquelou, Michèle Baron, Geneviève Jammet, Naomi Mbuani, Monique Perrot.</p>



<p><strong>Balzac</strong> : Justine Motton, Mirita Merckaert, Aude Mercoyrol, Chantal Ledoux, Annie Bricheux, Claire Asselin, Anny Colange, Fadila Teurki, Amathe Kaagne, Jade Renoult, Cécilia Monvoisin, Emma Dubourg, Anaëlle Benmouffok, Fatine El Mamouni, Virginie Decayeux, Rosicler Andrade, Hélène Gauthier.</p>



<p><strong>Étouvie</strong> : Corinne Cheron, Jeanne Poulin.</p>



<p><strong>Leitura Furiosa</strong> : Camille Berthout, Joseph Boinet, Noémie Cadée, Yvonne Caron, Arnaud Chemin amie, Corinne Cheron, Florence Crigny, Philippe Crigny, Yannick Dargaisse, Hélène De Saint Germain, Françoise Defrançois, Vincent Denorme, Michèle Devillers, Anne-Marie Dubois, Rabah Ferkioui, Gaël, Hélène Gauthier, Fabien Haleine, Delphine Hénache, Hélène Hochart, Blandine Husson, Virginie Iriarte Arriola, Hawa Kafando, Amathe Kagne, Marianne Kuperberg, Guillaume Lambert, ElIsabeth Lavecot, Dominique Leclercq, Isabelle Lecul, Martine Lefebvre, Chloé Lemaire, Lucie Lemaire, Caroline Lepretre, Claudine Licour, Éric Louis, Sandrine Martin, Océane Maufroy, Mirita Merckaert Ribeiro, Aude Mercoyrol, Cécilia Monvoisin, Océane, Agnès Orosco, Mariella Palmieri, Louis Paul, Anaïs Pipart, Jean-Louis Quillet, Régina Quillet, Larissa Reitzman, Laurence Renault, Jacqueline Roignant, Luiz Rosas, Zulem Rosas, Sandrine, Lilia Smaoun, Patricia Templeux, Catherine Teyssedou.</p>



<p><strong>Ma Parole</strong> : Camille Berthout, Aude Mercoyrol, Corinne Cheron, Céline Pruvot, Yvonne Caron, Noémie Cadée, Patricia Templeux, Yannick Dargaisse.</p>



<div style="height:20px" aria-hidden="true" class="wp-block-spacer"></div>



<p class="has-vivid-red-color has-text-color has-medium-font-size"><strong>Conseil d&#8217;administration : </strong></p>



<p>Marc Baucher, Eugène Bégoc, Camille Berthout, Corinne Cheron, Michèle Devillers, J-Louis Estany, Catherine Gacquer, Zineb Ghallab, Claudine Licour, Marie Martin Hidalgo, Aude Mercoyrol, Simon Esterlingot, Anaïs Pipart.</p>



<div style="height:20px" aria-hidden="true" class="wp-block-spacer"></div>



<p class="has-vivid-red-color has-text-color has-medium-font-size"><strong>Administratif : </strong></p>



<p>Claudine Licour, William Mussche</p>



<div style="height:20px" aria-hidden="true" class="wp-block-spacer"></div>



<p class="has-vivid-red-color has-text-color has-medium-font-size"><strong>Mise en page : </strong></p>



<p>Luiz Rosas</p>



<div style="height:20px" aria-hidden="true" class="wp-block-spacer"></div>



<p class="has-vivid-red-color has-text-color has-medium-font-size"><strong>Salariés</strong></p>



<p><strong>Médiatrices du livre</strong> : Mélinda Négozio, Eva Haleine et Laurence Lesueur</p>



<p><strong>Formateurs</strong> : Valérie Joly, Lœtitia Haye, Eva Haleine, Denis Licé et Jean-Christophe Iriarte Arriola</p>



<p><strong>Coordinateur</strong> : Jean-Christophe Iriarte Arriola</p>



<p><strong>Entretien des locaux</strong> : Catia Carvalho</p>



<p></p>

<p>Pour lire notre dernier rapport d&#8217;orientation et d&#8217;activité, téléchargez-le en cliquant sur ce lien. Bénévoles : Formation à Saint-Roch : Ariane Baslé, Chantal Boucher, Claire Chesnot, Anne Couteau, Corine Croize, [&hellip;]</p>
