{"id":4969,"date":"2016-01-15T12:30:57","date_gmt":"2016-01-15T11:30:57","guid":{"rendered":"http:\/\/www.assocardan.org\/?page_id=4969"},"modified":"2019-07-30T21:55:16","modified_gmt":"2019-07-30T19:55:16","slug":"le-cardan","status":"publish","type":"page","link":"https:\/\/www.assocardan.org\/?page_id=4969","title":{"rendered":"LE CARDAN"},"content":{"rendered":"<p style=\"text-align: justify;\"><strong>CARDAN<\/strong> est une association qui s&#8217;adresse aux personnes qui ont eu maints\u00a0accidents sur le terrain de leur vie.<\/p>\n<p>Son but est de proposer \u00e0 chacun, par des actions de pr\u00e9vention et de r\u00e9paration, les outils culturels qui donnent acc\u00e8s aux moyens de s\u2019exprimer, de se former, de comprendre, de s\u2019adapter aux normes de la vie sociale afin de pouvoir choisir et agir.<\/p>\n<p style=\"text-align: justify;\">Nous vous invitons \u00e0 Naviguer dans les menus pour en apprendre plus sur nous :<\/p>\n<ul>\n<li><a href=\"http:\/\/www.assocardan.org\/?page_id=7544\" rel=\"noopener noreferrer\"><strong>Qui sommes-nous ?<\/strong><\/a>, <strong><a href=\"http:\/\/www.assocardan.org\/?page_id=40\">Notre \u00e9quipe ?<\/a><\/strong><\/li>\n<li>D\u00e9couvrir nos actions : <strong><a href=\"http:\/\/www.assocardan.org\/?page_id=7951\">M\u00e9diation du livre<\/a><\/strong>, <strong><a href=\"http:\/\/www.assocardan.org\/?page_id=7975\">Formation<\/a><\/strong>&#8230;<\/li>\n<li>D\u00e9couvrir <strong><a href=\"http:\/\/www.assocardan.org\/?page_id=7618\">Leitura Furiosa<\/a><\/strong><\/li>\n<\/ul>\n<p>Nous vous invitons \u00e9galement \u00e0 lire notre projet associatif, <a href=\"http:\/\/www.assocardan.org\/wp-content\/uploads\/2017\/09\/Projet-associatif-v3.pdf\" target=\"_blank\" rel=\"noopener noreferrer\"><strong>en cliquant sur ce lien<\/strong><\/a>.<\/p>\n<p>Bonne lecture.<\/p>\n\n\n<div style=\"height:40px\" aria-hidden=\"true\" class=\"wp-block-spacer\"><\/div>\n\n\n\n<figure class=\"wp-block-image\"><img loading=\"lazy\" decoding=\"async\" width=\"1024\" height=\"576\" src=\"http:\/\/www.assocardan.org\/wp-content\/uploads\/2019\/07\/groupe-1024x576.jpg\" alt=\"\" class=\"wp-image-7948\" srcset=\"https:\/\/www.assocardan.org\/wp-content\/uploads\/2019\/07\/groupe-1024x576.jpg 1024w, https:\/\/www.assocardan.org\/wp-content\/uploads\/2019\/07\/groupe-300x169.jpg 300w, https:\/\/www.assocardan.org\/wp-content\/uploads\/2019\/07\/groupe-750x422.jpg 750w, https:\/\/www.assocardan.org\/wp-content\/uploads\/2019\/07\/groupe-400x225.jpg 400w, https:\/\/www.assocardan.org\/wp-content\/uploads\/2019\/07\/groupe-430x242.jpg 430w, https:\/\/www.assocardan.org\/wp-content\/uploads\/2019\/07\/groupe-150x84.jpg 150w, https:\/\/www.assocardan.org\/wp-content\/uploads\/2019\/07\/groupe-100x56.jpg 100w, https:\/\/www.assocardan.org\/wp-content\/uploads\/2019\/07\/groupe.jpg 1350w\" sizes=\"auto, (max-width: 1024px) 100vw, 1024px\" \/><\/figure>\n","protected":false},"excerpt":{"rendered":"<p>CARDAN est une association qui s&#8217;adresse aux personnes qui ont eu maints\u00a0accidents sur le terrain de leur vie. Son but est de proposer \u00e0 chacun, par des actions de pr\u00e9vention [&hellip;]<\/p>\n","protected":false},"author":1,"featured_media":0,"parent":0,"menu_order":0,"comment_status":"closed","ping_status":"closed","template":"","meta":{"footnotes":""},"class_list":["post-4969","page","type-page","status-publish","hentry"],"_links":{"self":[{"href":"https:\/\/www.assocardan.org\/index.php?rest_route=\/wp\/v2\/pages\/4969","targetHints":{"allow":["GET"]}}],"collection":[{"href":"https:\/\/www.assocardan.org\/index.php?rest_route=\/wp\/v2\/pages"}],"about":[{"href":"https:\/\/www.assocardan.org\/index.php?rest_route=\/wp\/v2\/types\/page"}],"author":[{"embeddable":true,"href":"https:\/\/www.assocardan.org\/index.php?rest_route=\/wp\/v2\/users\/1"}],"replies":[{"embeddable":true,"href":"https:\/\/www.assocardan.org\/index.php?rest_route=%2Fwp%2Fv2%2Fcomments&post=4969"}],"version-history":[{"count":11,"href":"https:\/\/www.assocardan.org\/index.php?rest_route=\/wp\/v2\/pages\/4969\/revisions"}],"predecessor-version":[{"id":7990,"href":"https:\/\/www.assocardan.org\/index.php?rest_route=\/wp\/v2\/pages\/4969\/revisions\/7990"}],"wp:attachment":[{"href":"https:\/\/www.assocardan.org\/index.php?rest_route=%2Fwp%2Fv2%2Fmedia&parent=4969"}],"curies":[{"name":"wp","href":"https:\/\/api.w.org\/{rel}","templated":true}]}}

<p style="text-align: justify;"><strong>CARDAN</strong> est une association qui s&#8217;adresse aux personnes qui ont eu maints accidents sur le terrain de leur vie.</p>
<p>Son but est de proposer à chacun, par des actions de prévention et de réparation, les outils culturels qui donnent accès aux moyens de s’exprimer, de se former, de comprendre, de s’adapter aux normes de la vie sociale afin de pouvoir choisir et agir.</p>
<p style="text-align: justify;">Nous vous invitons à Naviguer dans les menus pour en apprendre plus sur nous :</p>
<ul>
<li><a href="http://www.assocardan.org/?page_id=7544" rel="noopener noreferrer"><strong>Qui sommes-nous ?</strong></a>, <strong><a href="http://www.assocardan.org/?page_id=40">Notre équipe ?</a></strong></li>
<li>Découvrir nos actions : <strong><a href="http://www.assocardan.org/?page_id=7951">Médiation du livre</a></strong>, <strong><a href="http://www.assocardan.org/?page_id=7975">Formation</a></strong>&#8230;</li>
<li>Découvrir <strong><a href="http://www.assocardan.org/?page_id=7618">Leitura Furiosa</a></strong></li>
</ul>
<p>Nous vous invitons également à lire notre projet associatif, <a href="http://www.assocardan.org/wp-content/uploads/2017/09/Projet-associatif-v3.pdf" target="_blank" rel="noopener noreferrer"><strong>en cliquant sur ce lien</strong></a>.</p>
<p>Bonne lecture.</p>


<div style="height:40px" aria-hidden="true" class="wp-block-spacer"></div>



<figure class="wp-block-image"><img loading="lazy" decoding="async" width="1024" height="576" src="http://www.assocardan.org/wp-content/uploads/2019/07/groupe-1024x576.jpg" alt="" class="wp-image-7948" srcset="https://www.assocardan.org/wp-content/uploads/2019/07/groupe-1024x576.jpg 1024w, https://www.assocardan.org/wp-content/uploads/2019/07/groupe-300x169.jpg 300w, https://www.assocardan.org/wp-content/uploads/2019/07/groupe-750x422.jpg 750w, https://www.assocardan.org/wp-content/uploads/2019/07/groupe-400x225.jpg 400w, https://www.assocardan.org/wp-content/uploads/2019/07/groupe-430x242.jpg 430w, https://www.assocardan.org/wp-content/uploads/2019/07/groupe-150x84.jpg 150w, https://www.assocardan.org/wp-content/uploads/2019/07/groupe-100x56.jpg 100w, https://www.assocardan.org/wp-content/uploads/2019/07/groupe.jpg 1350w" sizes="auto, (max-width: 1024px) 100vw, 1024px" /></figure>

<p>CARDAN est une association qui s&#8217;adresse aux personnes qui ont eu maints accidents sur le terrain de leur vie. Son but est de proposer à chacun, par des actions de prévention [&hellip;]</p>
