{"id":7618,"date":"2019-07-08T15:30:04","date_gmt":"2019-07-08T13:30:04","guid":{"rendered":"http:\/\/www.assocardan.org\/?page_id=7618"},"modified":"2021-12-10T15:55:03","modified_gmt":"2021-12-10T14:55:03","slug":"leitura-furiosa","status":"publish","type":"page","link":"https:\/\/www.assocardan.org\/?page_id=7618","title":{"rendered":"LEITURA FURIOSA, c&#8217;est quoi ?"},"content":{"rendered":"\n<div class=\"wp-block-image\"><figure class=\"aligncenter is-resized\"><img loading=\"lazy\" decoding=\"async\" src=\"http:\/\/www.assocardan.org\/wp-content\/uploads\/2015\/05\/LeituraTypNoirrouge.jpg\" alt=\"\" class=\"wp-image-4463\" width=\"338\" height=\"338\" srcset=\"https:\/\/www.assocardan.org\/wp-content\/uploads\/2015\/05\/LeituraTypNoirrouge.jpg 590w, https:\/\/www.assocardan.org\/wp-content\/uploads\/2015\/05\/LeituraTypNoirrouge-150x150.jpg 150w, https:\/\/www.assocardan.org\/wp-content\/uploads\/2015\/05\/LeituraTypNoirrouge-300x300.jpg 300w, https:\/\/www.assocardan.org\/wp-content\/uploads\/2015\/05\/LeituraTypNoirrouge-400x400.jpg 400w, https:\/\/www.assocardan.org\/wp-content\/uploads\/2015\/05\/LeituraTypNoirrouge-430x430.jpg 430w, https:\/\/www.assocardan.org\/wp-content\/uploads\/2015\/05\/LeituraTypNoirrouge-100x100.jpg 100w\" sizes=\"auto, (max-width: 338px) 100vw, 338px\" \/><\/figure><\/div>\n\n\n\n<p>Leitura Furiosa est une manifestation litt\u00e9raire insolite.<\/p>\n\n\n\n<p>Il s\u2019agit d\u2019une rencontre improbable : celle de personnes \nf\u00e2ch\u00e9es avec la lecture et d\u2019\u00e9crivains. Pendant 3 jours, les auteurs \nviennent se mettre \u00ab au service \u00bb de celles et ceux qui n\u2019ont pas eu \nacc\u00e8s au savoir lire-\u00e9crire (ou sont \u00e9loign\u00e9s). De la rencontre entre \ndes groupes d\u2019enfants, d\u2019adolescents ou d\u2019adultes et des auteurs, \nnaissent des textes originaux de litt\u00e9rature contemporaine qui vont \nensuite \u00eatre illustr\u00e9s, imprim\u00e9s, affich\u00e9s, reproduits puis lus en \npublic. Ces lectures se d\u00e9roulent au m\u00eame moment \u00e0 la Maison de la \nCulture d\u2019Amiens, \u00e0 la Biblioth\u00e8que de Beja, \u00e0 la Casa da Achada \u00e0 \nLisbonne, au Muse\u00e9 Serralv\u00e8s \u00e0 Porto\u2026<\/p>\n\n\n\n<p>Leitura Furiosa a \u00e9t\u00e9 imagin\u00e9e en 1992 parce que nous \nn\u2019arrivions pas \u00e0 convaincre les personnes f\u00e2ch\u00e9es avec la lecture de se\n sentir \u00e0 leur place dans un salon du livre. Il nous fallait penser un \nmoment de rencontre litt\u00e9raire dans lequel les personnes f\u00e2ch\u00e9es avec la\n lecture, l\u2019\u00e9criture ou la soci\u00e9t\u00e9, soient l\u2019\u00e9l\u00e9ment fondamental. Qu\u2019ils\n ne servent pas de faire-valoir aux \u00e9crivains, ni aux libraires, ni aux \norganisateurs. L\u2019un des objectifs de Cardan \u00e0 sa cr\u00e9ation \u00e9tait de \npermettre \u00e0 la soci\u00e9t\u00e9 de prendre en compte la culture sp\u00e9cifique du \nquart monde. \u00c0 travers Leitura Furiosa, le Cardan tente de r\u00e9pondre \u00e0 \ncet objectif. En \u00e9tant \u00e0 l\u2019origine des textes, en \u00e9tant leur propre \u00ab \nporte-voix \u00bb, il s\u2019agit de permettre aux personnes de changer de r\u00f4le, \nde posture sociale, et d\u2019\u00eatre audible et entendu par la soci\u00e9t\u00e9.<\/p>\n\n\n\n<p>Leitura Furiosa est un moment particulier qui dure 3 jours et \nqui n\u2019existe que par le travail quotidien des 362 autres jours de \nl\u2019ann\u00e9e. Les partenaires sont nombreux et apportent leurs comp\u00e9tences \npropres, mais sans l\u2019implication des personnes qui ont d\u00e9j\u00e0 particip\u00e9, \nla rencontre ne serait pas. Les lectures \u00ab toutes fraiches \u00bb sont \npr\u00e9par\u00e9es par les groupes des ann\u00e9es pr\u00e9c\u00e9dentes, comme les sandwichs \ndistribu\u00e9s le dimanche midi \u00e0 tous les participants, les lectures dans \nles bus pour inviter \u00e0 la manifestation\u2026<\/p>\n\n\n\n<p>Leitura Furiosa est une manifestation gratuite, ouverte \u00e0 tous.<\/p>\n\n\n\n<p>Le projet quotidien de Cardan est articul\u00e9 autour de la lecture.  Leitura Furiosa est un temps fort, un moment de mobilisation d\u2019\u00e9nergies  dans lequel la lecture \u00e0 haute voix occupe une place centrale. La  mobilisation pour Leitura Furiosa passe par la lecture publique. La  diffusion des textes est imm\u00e9diate (ils sont imprim\u00e9s dans la nuit du  samedi au dimanche), \u00e9lectronique (ils sont disponibles sur le site de  Cardan dans la journ\u00e9e du dimanche), \u00e9coutable (en direct et en diff\u00e9r\u00e9  sur le site), internationale (les textes portugais sont lus en Picardie,  les textes samariens sont lus au Portugal). Leitura Furiosa n\u2019est pas  un salon du livre, mais cherche \u00e0 faire salon de lecture dans la ville,  le monde. Pour permettre au plus grand nombre d\u2019avoir acc\u00e8s \u00e0 la litt\u00e9rature, il y a diffusion en diff\u00e9r\u00e9 des textes.<\/p>\n\n\n\n<div style=\"height:20px\" aria-hidden=\"true\" class=\"wp-block-spacer\"><\/div>\n\n\n\n<div style=\"height:20px\" aria-hidden=\"true\" class=\"wp-block-spacer\"><\/div>\n\n\n\n<p class=\"has-text-align-center\">Des \u00e9crivains expliquent<strong> Leitura Furiosa<\/strong>. <strong><a href=\"https:\/\/www.assocardan.org\/?p=216\" target=\"_blank\" rel=\"noreferrer noopener\">Cliquez sur ce lien<\/a><\/strong>. <\/p>\n\n\n\n<div class=\"wp-block-image\"><figure class=\"aligncenter is-resized\"><img loading=\"lazy\" decoding=\"async\" src=\"http:\/\/www.assocardan.org\/wp-content\/uploads\/2014\/05\/LF2013.gif\" alt=\"\" class=\"wp-image-3926\" width=\"268\" height=\"268\"\/><\/figure><\/div>\n\n\n\n<h4 class=\"has-text-align-center wp-block-heading\"><a href=\"http:\/\/www.assocardan.org\/?cat=204\">Pour acc\u00e9der aux articles sur Leitura Furiosa, cliquez sur ce lien.<\/a> <\/h4>\n","protected":false},"excerpt":{"rendered":"<p>Leitura Furiosa est une manifestation litt\u00e9raire insolite. Il s\u2019agit d\u2019une rencontre improbable : celle de personnes f\u00e2ch\u00e9es avec la lecture et d\u2019\u00e9crivains. Pendant 3 jours, les auteurs viennent se mettre [&hellip;]<\/p>\n","protected":false},"author":1,"featured_media":0,"parent":0,"menu_order":0,"comment_status":"closed","ping_status":"closed","template":"","meta":{"footnotes":""},"class_list":["post-7618","page","type-page","status-publish","hentry"],"_links":{"self":[{"href":"https:\/\/www.assocardan.org\/index.php?rest_route=\/wp\/v2\/pages\/7618","targetHints":{"allow":["GET"]}}],"collection":[{"href":"https:\/\/www.assocardan.org\/index.php?rest_route=\/wp\/v2\/pages"}],"about":[{"href":"https:\/\/www.assocardan.org\/index.php?rest_route=\/wp\/v2\/types\/page"}],"author":[{"embeddable":true,"href":"https:\/\/www.assocardan.org\/index.php?rest_route=\/wp\/v2\/users\/1"}],"replies":[{"embeddable":true,"href":"https:\/\/www.assocardan.org\/index.php?rest_route=%2Fwp%2Fv2%2Fcomments&post=7618"}],"version-history":[{"count":7,"href":"https:\/\/www.assocardan.org\/index.php?rest_route=\/wp\/v2\/pages\/7618\/revisions"}],"predecessor-version":[{"id":8714,"href":"https:\/\/www.assocardan.org\/index.php?rest_route=\/wp\/v2\/pages\/7618\/revisions\/8714"}],"wp:attachment":[{"href":"https:\/\/www.assocardan.org\/index.php?rest_route=%2Fwp%2Fv2%2Fmedia&parent=7618"}],"curies":[{"name":"wp","href":"https:\/\/api.w.org\/{rel}","templated":true}]}}