{"id":8242,"date":"2020-11-12T16:22:57","date_gmt":"2020-11-12T15:22:57","guid":{"rendered":"http:\/\/www.assocardan.org\/?page_id=8242"},"modified":"2025-06-19T16:14:39","modified_gmt":"2025-06-19T14:14:39","slug":"les-livres-de-cardan","status":"publish","type":"page","link":"https:\/\/www.assocardan.org\/?page_id=8242","title":{"rendered":"Les livres de Cardan"},"content":{"rendered":"\n<div style=\"height:20px\" aria-hidden=\"true\" class=\"wp-block-spacer\"><\/div>\n\n\n\n<div class=\"wp-block-columns is-layout-flex wp-container-core-columns-is-layout-9d6595d7 wp-block-columns-is-layout-flex\">\n<div class=\"wp-block-column is-layout-flow wp-block-column-is-layout-flow\">\n<div class=\"wp-block-image\"><figure class=\"aligncenter size-medium is-resized\"><a href=\"http:\/\/www.assocardan.org\/Livres_cardan\/les_deux_cotes_du_non.pdf\" target=\"_blank\" rel=\"noreferrer noopener\"><img loading=\"lazy\" decoding=\"async\" src=\"http:\/\/www.assocardan.org\/wp-content\/uploads\/2020\/11\/Couv-deux-cotes-du-non-203x300.png\" alt=\"\" class=\"wp-image-8277\" width=\"160\" height=\"236\" srcset=\"https:\/\/www.assocardan.org\/wp-content\/uploads\/2020\/11\/Couv-deux-cotes-du-non-203x300.png 203w, https:\/\/www.assocardan.org\/wp-content\/uploads\/2020\/11\/Couv-deux-cotes-du-non-693x1024.png 693w, https:\/\/www.assocardan.org\/wp-content\/uploads\/2020\/11\/Couv-deux-cotes-du-non-750x1109.png 750w, https:\/\/www.assocardan.org\/wp-content\/uploads\/2020\/11\/Couv-deux-cotes-du-non-400x591.png 400w, https:\/\/www.assocardan.org\/wp-content\/uploads\/2020\/11\/Couv-deux-cotes-du-non-430x636.png 430w, https:\/\/www.assocardan.org\/wp-content\/uploads\/2020\/11\/Couv-deux-cotes-du-non-150x222.png 150w, https:\/\/www.assocardan.org\/wp-content\/uploads\/2020\/11\/Couv-deux-cotes-du-non-100x148.png 100w, https:\/\/www.assocardan.org\/wp-content\/uploads\/2020\/11\/Couv-deux-cotes-du-non.png 866w\" sizes=\"auto, (max-width: 160px) 100vw, 160px\" \/><\/a><\/figure><\/div>\n\n\n\n<h4 class=\"has-text-align-center wp-block-heading\"> <strong><a href=\"http:\/\/www.assocardan.org\/Livres_cardan\/les_deux_cotes_du_non.pdf\" target=\"_blank\" rel=\"noreferrer noopener\" aria-label=\" (s\u2019ouvre dans un nouvel onglet)\">Les deux c\u00f4t\u00e9s du Non<\/a><\/strong> <\/h4>\n\n\n\n<p class=\"has-text-align-center\"> \u00c9crit par Lilas Nord &#8211; 2013 <\/p>\n<\/div>\n\n\n\n<div class=\"wp-block-column is-layout-flow wp-block-column-is-layout-flow\">\n<div class=\"wp-block-image\"><figure class=\"aligncenter size-medium is-resized\"><a href=\"http:\/\/www.assocardan.org\/Livres_cardan\/PENSEES_SAMARIENNES.pdf\" target=\"_blank\" rel=\"noreferrer noopener\"><img loading=\"lazy\" decoding=\"async\" src=\"http:\/\/www.assocardan.org\/wp-content\/uploads\/2020\/11\/Couv-Les_pensees_samariennes-203x300.png\" alt=\"\" class=\"wp-image-8280\" width=\"160\" height=\"236\" srcset=\"https:\/\/www.assocardan.org\/wp-content\/uploads\/2020\/11\/Couv-Les_pensees_samariennes-203x300.png 203w, https:\/\/www.assocardan.org\/wp-content\/uploads\/2020\/11\/Couv-Les_pensees_samariennes-693x1024.png 693w, https:\/\/www.assocardan.org\/wp-content\/uploads\/2020\/11\/Couv-Les_pensees_samariennes-750x1109.png 750w, https:\/\/www.assocardan.org\/wp-content\/uploads\/2020\/11\/Couv-Les_pensees_samariennes-400x591.png 400w, https:\/\/www.assocardan.org\/wp-content\/uploads\/2020\/11\/Couv-Les_pensees_samariennes-430x636.png 430w, https:\/\/www.assocardan.org\/wp-content\/uploads\/2020\/11\/Couv-Les_pensees_samariennes-150x222.png 150w, https:\/\/www.assocardan.org\/wp-content\/uploads\/2020\/11\/Couv-Les_pensees_samariennes-100x148.png 100w, https:\/\/www.assocardan.org\/wp-content\/uploads\/2020\/11\/Couv-Les_pensees_samariennes.png 866w\" sizes=\"auto, (max-width: 160px) 100vw, 160px\" \/><\/a><\/figure><\/div>\n\n\n\n<h4 class=\"has-text-align-center wp-block-heading\"><strong><a href=\"http:\/\/www.assocardan.org\/Livres_cardan\/PENSEES_SAMARIENNES.pdf\" target=\"_blank\" rel=\"noreferrer noopener\" aria-label=\" (s\u2019ouvre dans un nouvel onglet)\">Pens\u00e9es Samariennes<\/a><\/strong> <\/h4>\n\n\n\n<p class=\"has-text-align-center\"> \u00c9crit par Francis Mizio &#8211; 2014  <\/p>\n<\/div>\n<\/div>\n\n\n\n<div style=\"height:20px\" aria-hidden=\"true\" class=\"wp-block-spacer\"><\/div>\n\n\n\n<div class=\"wp-block-columns is-layout-flex wp-container-core-columns-is-layout-9d6595d7 wp-block-columns-is-layout-flex\">\n<div class=\"wp-block-column is-layout-flow wp-block-column-is-layout-flow\">\n<div class=\"wp-block-image is-style-default\"><figure class=\"aligncenter size-large is-resized\"><a href=\"http:\/\/www.assocardan.org\/?page_id=8363\"><img loading=\"lazy\" decoding=\"async\" src=\"http:\/\/www.assocardan.org\/wp-content\/uploads\/2023\/04\/couv_Abecedaire-693x1024.png\" alt=\"\" class=\"wp-image-9205\" width=\"160\" height=\"236\" srcset=\"https:\/\/www.assocardan.org\/wp-content\/uploads\/2023\/04\/couv_Abecedaire-693x1024.png 693w, https:\/\/www.assocardan.org\/wp-content\/uploads\/2023\/04\/couv_Abecedaire-203x300.png 203w, https:\/\/www.assocardan.org\/wp-content\/uploads\/2023\/04\/couv_Abecedaire-750x1109.png 750w, https:\/\/www.assocardan.org\/wp-content\/uploads\/2023\/04\/couv_Abecedaire-400x591.png 400w, https:\/\/www.assocardan.org\/wp-content\/uploads\/2023\/04\/couv_Abecedaire-430x636.png 430w, https:\/\/www.assocardan.org\/wp-content\/uploads\/2023\/04\/couv_Abecedaire-150x222.png 150w, https:\/\/www.assocardan.org\/wp-content\/uploads\/2023\/04\/couv_Abecedaire-100x148.png 100w, https:\/\/www.assocardan.org\/wp-content\/uploads\/2023\/04\/couv_Abecedaire.png 866w\" sizes=\"auto, (max-width: 160px) 100vw, 160px\" \/><\/a><\/figure><\/div>\n\n\n\n<h4 class=\"has-text-align-center wp-block-heading\"><a href=\"http:\/\/www.assocardan.org\/?page_id=8363\">Ab\u00e9c\u00e9daire<\/a><\/h4>\n\n\n\n<p class=\"has-text-align-center\">\u00c9crit par Cardan &#8211; 2021<\/p>\n<\/div>\n\n\n\n<div class=\"wp-block-column is-layout-flow wp-block-column-is-layout-flow\">\n<div class=\"wp-block-image\"><figure class=\"aligncenter size-large is-resized\"><a href=\"http:\/\/www.assocardan.org\/PDF\/Entre_Toi_et_Moi.pdf\" target=\"_blank\" rel=\"noopener\"><img loading=\"lazy\" decoding=\"async\" src=\"http:\/\/www.assocardan.org\/wp-content\/uploads\/2021\/05\/book_Entre_toi_et_moi-693x1024.png\" alt=\"\" class=\"wp-image-8431\" width=\"160\" height=\"236\" srcset=\"https:\/\/www.assocardan.org\/wp-content\/uploads\/2021\/05\/book_Entre_toi_et_moi-693x1024.png 693w, https:\/\/www.assocardan.org\/wp-content\/uploads\/2021\/05\/book_Entre_toi_et_moi-203x300.png 203w, https:\/\/www.assocardan.org\/wp-content\/uploads\/2021\/05\/book_Entre_toi_et_moi-750x1109.png 750w, https:\/\/www.assocardan.org\/wp-content\/uploads\/2021\/05\/book_Entre_toi_et_moi-400x591.png 400w, https:\/\/www.assocardan.org\/wp-content\/uploads\/2021\/05\/book_Entre_toi_et_moi-430x636.png 430w, https:\/\/www.assocardan.org\/wp-content\/uploads\/2021\/05\/book_Entre_toi_et_moi-150x222.png 150w, https:\/\/www.assocardan.org\/wp-content\/uploads\/2021\/05\/book_Entre_toi_et_moi-100x148.png 100w, https:\/\/www.assocardan.org\/wp-content\/uploads\/2021\/05\/book_Entre_toi_et_moi.png 866w\" sizes=\"auto, (max-width: 160px) 100vw, 160px\" \/><\/a><\/figure><\/div>\n\n\n\n<h4 class=\"has-text-align-center wp-block-heading\"><a href=\"http:\/\/www.assocardan.org\/PDF\/Entre_Toi_et_Moi.pdf\" target=\"_blank\" rel=\"noreferrer noopener\">Entre toi et moi<\/a><\/h4>\n\n\n\n<p class=\"has-text-align-center\">\u00c9crit par Nadine Brun-Cosme<\/p>\n<\/div>\n<\/div>\n\n\n\n<div style=\"height:20px\" aria-hidden=\"true\" class=\"wp-block-spacer\"><\/div>\n\n\n\n<div class=\"wp-block-columns is-layout-flex wp-container-core-columns-is-layout-9d6595d7 wp-block-columns-is-layout-flex\">\n<div class=\"wp-block-column is-layout-flow wp-block-column-is-layout-flow\">\n<div class=\"wp-block-image\"><figure class=\"aligncenter size-large is-resized\"><a href=\"http:\/\/www.assocardan.org\/PDF\/lettres_critiques_internet.pdf\" target=\"_blank\" rel=\"noopener\"><img loading=\"lazy\" decoding=\"async\" src=\"http:\/\/www.assocardan.org\/wp-content\/uploads\/2022\/03\/Livre_lire_libre_et_sourire-693x1024.png\" alt=\"\" class=\"wp-image-8991\" width=\"160\" height=\"236\" srcset=\"https:\/\/www.assocardan.org\/wp-content\/uploads\/2022\/03\/Livre_lire_libre_et_sourire-693x1024.png 693w, https:\/\/www.assocardan.org\/wp-content\/uploads\/2022\/03\/Livre_lire_libre_et_sourire-203x300.png 203w, https:\/\/www.assocardan.org\/wp-content\/uploads\/2022\/03\/Livre_lire_libre_et_sourire-750x1109.png 750w, https:\/\/www.assocardan.org\/wp-content\/uploads\/2022\/03\/Livre_lire_libre_et_sourire-400x591.png 400w, https:\/\/www.assocardan.org\/wp-content\/uploads\/2022\/03\/Livre_lire_libre_et_sourire-430x636.png 430w, https:\/\/www.assocardan.org\/wp-content\/uploads\/2022\/03\/Livre_lire_libre_et_sourire-150x222.png 150w, https:\/\/www.assocardan.org\/wp-content\/uploads\/2022\/03\/Livre_lire_libre_et_sourire-100x148.png 100w, https:\/\/www.assocardan.org\/wp-content\/uploads\/2022\/03\/Livre_lire_libre_et_sourire.png 866w\" sizes=\"auto, (max-width: 160px) 100vw, 160px\" \/><\/a><\/figure><\/div>\n\n\n\n<h4 class=\"has-text-align-center wp-block-heading\"><a rel=\"noreferrer noopener\" href=\"http:\/\/www.assocardan.org\/PDF\/lettres_critiques_internet.pdf\" target=\"_blank\">Lettres critiques de livres faciles \u00e0 lire<\/a><\/h4>\n\n\n\n<p class=\"has-text-align-center\">\u00c9crit par Cardan &#8211; 2021<\/p>\n<\/div>\n\n\n\n<div class=\"wp-block-column is-layout-flow wp-block-column-is-layout-flow\">\n<div class=\"wp-block-image\"><figure class=\"aligncenter size-large is-resized\"><a href=\"http:\/\/www.assocardan.org\/PDF\/libretto.pdf\" target=\"_blank\" rel=\"noopener\"><img loading=\"lazy\" decoding=\"async\" src=\"http:\/\/www.assocardan.org\/wp-content\/uploads\/2023\/04\/couv_libretto-693x1024.png\" alt=\"\" class=\"wp-image-9206\" width=\"160\" height=\"236\" srcset=\"https:\/\/www.assocardan.org\/wp-content\/uploads\/2023\/04\/couv_libretto-693x1024.png 693w, https:\/\/www.assocardan.org\/wp-content\/uploads\/2023\/04\/couv_libretto-203x300.png 203w, https:\/\/www.assocardan.org\/wp-content\/uploads\/2023\/04\/couv_libretto-750x1109.png 750w, https:\/\/www.assocardan.org\/wp-content\/uploads\/2023\/04\/couv_libretto-400x591.png 400w, https:\/\/www.assocardan.org\/wp-content\/uploads\/2023\/04\/couv_libretto-430x636.png 430w, https:\/\/www.assocardan.org\/wp-content\/uploads\/2023\/04\/couv_libretto-150x222.png 150w, https:\/\/www.assocardan.org\/wp-content\/uploads\/2023\/04\/couv_libretto-100x148.png 100w, https:\/\/www.assocardan.org\/wp-content\/uploads\/2023\/04\/couv_libretto.png 866w\" sizes=\"auto, (max-width: 160px) 100vw, 160px\" \/><\/a><\/figure><\/div>\n\n\n\n<h4 class=\"has-text-align-center wp-block-heading\"><a href=\"http:\/\/www.assocardan.org\/PDF\/libretto.pdf\" target=\"_blank\" rel=\"noreferrer noopener\">Libretto, libretta<\/a><\/h4>\n\n\n\n<p class=\"has-text-align-center\">\u00c9crit par Cardan &#8211; 2022<\/p>\n<\/div>\n<\/div>\n\n\n\n<div style=\"height:20px\" aria-hidden=\"true\" class=\"wp-block-spacer\"><\/div>\n\n\n\n<div class=\"wp-block-columns is-layout-flex wp-container-core-columns-is-layout-9d6595d7 wp-block-columns-is-layout-flex\">\n<div class=\"wp-block-column is-layout-flow wp-block-column-is-layout-flow\">\n<div class=\"wp-block-image\"><figure class=\"aligncenter size-large is-resized\"><a href=\"http:\/\/www.assocardan.org\/PDF\/diag-mep-cardan-15_01_25.pdf\" target=\"_blank\" rel=\"noopener\"><img loading=\"lazy\" decoding=\"async\" src=\"http:\/\/www.assocardan.org\/wp-content\/uploads\/2025\/04\/couv-diagnostic-illettrisme-illectronisme-693x1024.png\" alt=\"\" class=\"wp-image-9905\" width=\"163\" height=\"240\" srcset=\"https:\/\/www.assocardan.org\/wp-content\/uploads\/2025\/04\/couv-diagnostic-illettrisme-illectronisme-693x1024.png 693w, https:\/\/www.assocardan.org\/wp-content\/uploads\/2025\/04\/couv-diagnostic-illettrisme-illectronisme-203x300.png 203w, https:\/\/www.assocardan.org\/wp-content\/uploads\/2025\/04\/couv-diagnostic-illettrisme-illectronisme-750x1109.png 750w, https:\/\/www.assocardan.org\/wp-content\/uploads\/2025\/04\/couv-diagnostic-illettrisme-illectronisme-400x591.png 400w, https:\/\/www.assocardan.org\/wp-content\/uploads\/2025\/04\/couv-diagnostic-illettrisme-illectronisme-430x636.png 430w, https:\/\/www.assocardan.org\/wp-content\/uploads\/2025\/04\/couv-diagnostic-illettrisme-illectronisme-150x222.png 150w, https:\/\/www.assocardan.org\/wp-content\/uploads\/2025\/04\/couv-diagnostic-illettrisme-illectronisme-100x148.png 100w, https:\/\/www.assocardan.org\/wp-content\/uploads\/2025\/04\/couv-diagnostic-illettrisme-illectronisme.png 866w\" sizes=\"auto, (max-width: 163px) 100vw, 163px\" \/><\/a><\/figure><\/div>\n\n\n\n<h4 class=\"has-text-align-center wp-block-heading\"><a href=\"http:\/\/www.assocardan.org\/PDF\/diag-mep-cardan-15_01_25.pdf\" target=\"_blank\" rel=\"noreferrer noopener\">Diagnostic territorial consacr\u00e9 \u00e0 la lutte contre l\u2019illettrisme et l\u2019illectronisme<\/a><\/h4>\n\n\n\n<p class=\"has-text-align-center\">\u00c9crit par Cardan &#8211; 2024<\/p>\n<\/div>\n\n\n\n<div class=\"wp-block-column is-layout-flow wp-block-column-is-layout-flow\">\n<div class=\"wp-block-image\"><figure class=\"aligncenter size-large is-resized\"><a href=\"http:\/\/www.assocardan.org\/Livres_cardan\/Avec_labeur.pdf\" target=\"_blank\" rel=\"noopener\"><img loading=\"lazy\" decoding=\"async\" src=\"https:\/\/www.assocardan.org\/wp-content\/uploads\/2025\/06\/Avec_Labeur_couv.png\" alt=\"\" class=\"wp-image-10340\" width=\"163\" height=\"240\" srcset=\"https:\/\/www.assocardan.org\/wp-content\/uploads\/2025\/06\/Avec_Labeur_couv.png 433w, https:\/\/www.assocardan.org\/wp-content\/uploads\/2025\/06\/Avec_Labeur_couv-203x300.png 203w, https:\/\/www.assocardan.org\/wp-content\/uploads\/2025\/06\/Avec_Labeur_couv-400x591.png 400w, https:\/\/www.assocardan.org\/wp-content\/uploads\/2025\/06\/Avec_Labeur_couv-430x636.png 430w, https:\/\/www.assocardan.org\/wp-content\/uploads\/2025\/06\/Avec_Labeur_couv-150x222.png 150w, https:\/\/www.assocardan.org\/wp-content\/uploads\/2025\/06\/Avec_Labeur_couv-100x148.png 100w\" sizes=\"auto, (max-width: 163px) 100vw, 163px\" \/><\/a><\/figure><\/div>\n\n\n\n<h4 class=\"has-text-align-center wp-block-heading\"><a href=\"http:\/\/www.assocardan.org\/Livres_cardan\/Avec_labeur.pdf\" target=\"_blank\" rel=\"noreferrer noopener\">Avec labeur<\/a><\/h4>\n\n\n\n<p class=\"has-text-align-center\">\u00c9crit par Frac Picardie Hauts-de-France <\/p>\n\n\n\n<p class=\"has-text-align-center\">et Cardan &#8211; 2024<\/p>\n<\/div>\n<\/div>\n\n\n\n<p><\/p>\n","protected":false},"excerpt":{"rendered":"<p>Les deux c\u00f4t\u00e9s du Non \u00c9crit par Lilas Nord &#8211; 2013 Pens\u00e9es Samariennes \u00c9crit par Francis Mizio &#8211; 2014 Ab\u00e9c\u00e9daire \u00c9crit par Cardan &#8211; 2021 Entre toi et moi \u00c9crit [&hellip;]<\/p>\n","protected":false},"author":1,"featured_media":0,"parent":0,"menu_order":0,"comment_status":"closed","ping_status":"closed","template":"","meta":{"footnotes":""},"class_list":["post-8242","page","type-page","status-publish","hentry"],"_links":{"self":[{"href":"https:\/\/www.assocardan.org\/index.php?rest_route=\/wp\/v2\/pages\/8242","targetHints":{"allow":["GET"]}}],"collection":[{"href":"https:\/\/www.assocardan.org\/index.php?rest_route=\/wp\/v2\/pages"}],"about":[{"href":"https:\/\/www.assocardan.org\/index.php?rest_route=\/wp\/v2\/types\/page"}],"author":[{"embeddable":true,"href":"https:\/\/www.assocardan.org\/index.php?rest_route=\/wp\/v2\/users\/1"}],"replies":[{"embeddable":true,"href":"https:\/\/www.assocardan.org\/index.php?rest_route=%2Fwp%2Fv2%2Fcomments&post=8242"}],"version-history":[{"count":46,"href":"https:\/\/www.assocardan.org\/index.php?rest_route=\/wp\/v2\/pages\/8242\/revisions"}],"predecessor-version":[{"id":10343,"href":"https:\/\/www.assocardan.org\/index.php?rest_route=\/wp\/v2\/pages\/8242\/revisions\/10343"}],"wp:attachment":[{"href":"https:\/\/www.assocardan.org\/index.php?rest_route=%2Fwp%2Fv2%2Fmedia&parent=8242"}],"curies":[{"name":"wp","href":"https:\/\/api.w.org\/{rel}","templated":true}]}}