{"id":8363,"date":"2021-04-08T19:53:25","date_gmt":"2021-04-08T17:53:25","guid":{"rendered":"http:\/\/www.assocardan.org\/?page_id=8363"},"modified":"2021-04-08T22:34:19","modified_gmt":"2021-04-08T20:34:19","slug":"abecedaire","status":"publish","type":"page","link":"https:\/\/www.assocardan.org\/?page_id=8363","title":{"rendered":"Ab\u00e9c\u00e9daire"},"content":{"rendered":"\n<p>Voici un ab\u00e9c\u00e9daire con\u00e7u par l&#8217;association. <\/p>\n\n\n\n<p><strong>Cliquez sur l&#8217;image ci-dessous.<\/strong><\/p>\n\n\n\n<div class=\"wp-block-image is-style-default\"><figure class=\"aligncenter size-large is-resized\"><a href=\"http:\/\/www.assocardan.org\/PDF\/abecedaire.pdf\"><img loading=\"lazy\" decoding=\"async\" src=\"http:\/\/www.assocardan.org\/wp-content\/uploads\/2021\/04\/abecedaire-1024x714.png\" alt=\"\" class=\"wp-image-8364\" width=\"593\" height=\"413\" srcset=\"https:\/\/www.assocardan.org\/wp-content\/uploads\/2021\/04\/abecedaire-1024x714.png 1024w, https:\/\/www.assocardan.org\/wp-content\/uploads\/2021\/04\/abecedaire-300x209.png 300w, https:\/\/www.assocardan.org\/wp-content\/uploads\/2021\/04\/abecedaire-750x523.png 750w, https:\/\/www.assocardan.org\/wp-content\/uploads\/2021\/04\/abecedaire-400x279.png 400w, https:\/\/www.assocardan.org\/wp-content\/uploads\/2021\/04\/abecedaire-430x300.png 430w, https:\/\/www.assocardan.org\/wp-content\/uploads\/2021\/04\/abecedaire-150x105.png 150w, https:\/\/www.assocardan.org\/wp-content\/uploads\/2021\/04\/abecedaire-100x70.png 100w, https:\/\/www.assocardan.org\/wp-content\/uploads\/2021\/04\/abecedaire.png 1299w\" sizes=\"auto, (max-width: 593px) 100vw, 593px\" \/><\/a><\/figure><\/div>\n\n\n\n<p><strong><a href=\"http:\/\/www.assocardan.org\/PDF\/abecedaire_chanson_romain_magnes.pdf\" target=\"_blank\" rel=\"noreferrer noopener\" aria-label=\"La chanson de Romain Magnes : (s\u2019ouvre dans un nouvel onglet)\">La chanson de Romain Magnes :<\/a><\/strong><\/p>\n\n\n\n<figure class=\"wp-block-embed\"><div class=\"wp-block-embed__wrapper\">\n<audio class=\"wp-audio-shortcode\" id=\"audio-8363-1\" preload=\"none\" style=\"width: 100%;\" controls=\"controls\"><source type=\"audio\/mpeg\" src=\"http:\/\/www.assocardan.org\/audio\/AZ.mp3?_=1\" \/><a href=\"http:\/\/www.assocardan.org\/audio\/AZ.mp3\">http:\/\/www.assocardan.org\/audio\/AZ.mp3<\/a><\/audio>\n<\/div><\/figure>\n\n\n\n<iframe src=\"\/\/docs.google.com\/viewer?url=http%3A%2F%2Fwww.assocardan.org%2FPDF%2Fabecedaire_chanson_romain_magnes.pdf&hl=fr&embedded=true\" class=\"gde-frame\" style=\"width:100%; height:500px; border: none;\" scrolling=\"no\"><\/iframe>\n<p class=\"gde-text\"><a href=\"http:\/\/www.assocardan.org\/PDF\/abecedaire_chanson_romain_magnes.pdf\" class=\"gde-link\">T\u00e9l\u00e9charger (PDF, 68KB)<\/a><\/p>\n","protected":false},"excerpt":{"rendered":"<p>Voici un ab\u00e9c\u00e9daire con\u00e7u par l&#8217;association. Cliquez sur l&#8217;image ci-dessous. La chanson de Romain Magnes :<\/p>\n","protected":false},"author":1,"featured_media":0,"parent":0,"menu_order":0,"comment_status":"closed","ping_status":"closed","template":"","meta":{"footnotes":""},"class_list":["post-8363","page","type-page","status-publish","hentry"],"_links":{"self":[{"href":"https:\/\/www.assocardan.org\/index.php?rest_route=\/wp\/v2\/pages\/8363","targetHints":{"allow":["GET"]}}],"collection":[{"href":"https:\/\/www.assocardan.org\/index.php?rest_route=\/wp\/v2\/pages"}],"about":[{"href":"https:\/\/www.assocardan.org\/index.php?rest_route=\/wp\/v2\/types\/page"}],"author":[{"embeddable":true,"href":"https:\/\/www.assocardan.org\/index.php?rest_route=\/wp\/v2\/users\/1"}],"replies":[{"embeddable":true,"href":"https:\/\/www.assocardan.org\/index.php?rest_route=%2Fwp%2Fv2%2Fcomments&post=8363"}],"version-history":[{"count":7,"href":"https:\/\/www.assocardan.org\/index.php?rest_route=\/wp\/v2\/pages\/8363\/revisions"}],"predecessor-version":[{"id":8377,"href":"https:\/\/www.assocardan.org\/index.php?rest_route=\/wp\/v2\/pages\/8363\/revisions\/8377"}],"wp:attachment":[{"href":"https:\/\/www.assocardan.org\/index.php?rest_route=%2Fwp%2Fv2%2Fmedia&parent=8363"}],"curies":[{"name":"wp","href":"https:\/\/api.w.org\/{rel}","templated":true}]}}