{"id":8816,"date":"2021-12-21T16:06:03","date_gmt":"2021-12-21T15:06:03","guid":{"rendered":"https:\/\/www.assocardan.org\/?page_id=8816"},"modified":"2026-03-10T16:14:46","modified_gmt":"2026-03-10T15:14:46","slug":"formation-fli","status":"publish","type":"page","link":"https:\/\/www.assocardan.org\/?page_id=8816","title":{"rendered":"FORMATION FLI"},"content":{"rendered":"\n<div class=\"wp-block-columns is-layout-flex wp-container-core-columns-is-layout-9d6595d7 wp-block-columns-is-layout-flex\">\n<div class=\"wp-block-column is-layout-flow wp-block-column-is-layout-flow\" style=\"flex-basis:66.66%\">\n<h3 class=\"wp-block-heading has-text-align-center has-white-color has-vivid-green-cyan-background-color has-text-color has-background\" style=\"font-size:25px\">formation Fran\u00e7ais Langue d\u2019Int\u00e9gration <br \/>\u00e0 Amiens Saint-Roch<\/h3>\n\n\n\n<div style=\"height:10px\" aria-hidden=\"true\" class=\"wp-block-spacer\"><\/div>\n\n\n\n<h4 class=\"wp-block-heading\"><strong>Contexte \u2014<\/strong><\/h4>\n\n\n\n<p>Pour la naturalisation d\u2019un \u00e9tranger, il est demand\u00e9 le niveau B1 relatif \u00e0 la ma\u00eetrise de la langue fran\u00e7aise. Il est aussi plus ais\u00e9 de chercher un emploi et de s\u2019int\u00e9grer dans le pays d\u2019accueil.<\/p>\n\n\n\n<p>Consid\u00e9rons que le spectre des formations dans le pays d\u2019origine est tr\u00e8s large : il va de l\u2019analphab\u00e9tisme aux dipl\u00f4mes universitaires.<\/p>\n\n\n\n<div style=\"height:20px\" aria-hidden=\"true\" class=\"wp-block-spacer\"><\/div>\n\n\n\n<h4 class=\"wp-block-heading\"><strong>D\u00e9bouch\u00e9s \u2014<\/strong><\/h4>\n\n\n\n<p>Pour un non francophone, l\u2019apprentissage de la langue fran\u00e7aise est l\u2019\u00e9l\u00e9ment d\u2019int\u00e9gration sociale, administrative et \u00e9conomique.<\/p>\n\n\n\n<div style=\"height:20px\" aria-hidden=\"true\" class=\"wp-block-spacer\"><\/div>\n\n\n\n<h4 class=\"wp-block-heading\"><strong>Objectifs de la formation \u2014<\/strong><\/h4>\n\n\n\n<p>R\u00e9pondre \u00e0 la demande de chaque apprenant :<br \/>apprendre \u00e0 lire et \u00e0 \u00e9crire la langue fran\u00e7aise en m\u00eame temps, pour les d\u00e9marches, pour l\u2019emploi ; apprendre la langue fran\u00e7aise pour obtenir le dipl\u00f4me B1 permettant d\u2019acc\u00e9der \u00e0 la naturalisation et le niveau A2 pour la carte de 10 ans. R\u00e9ussir le test de connaissance du fran\u00e7ais int\u00e9gration r\u00e9sidence et naturalisation &#8211; TCF IRN.<\/p>\n\n\n\n<div style=\"height:20px\" aria-hidden=\"true\" class=\"wp-block-spacer\"><\/div>\n\n\n\n<h4 class=\"wp-block-heading\"><strong>Programme \u2014<\/strong><\/h4>\n\n\n\n<p>Le programme individuel, d\u2019autant plus que les niveaux de formation dans les pays d\u2019origine sont tr\u00e8s diff\u00e9rents, est construit avec la personne en fonction de son niveau et de son projet social. (pour lire le programme dans sa version compl\u00e8te, <strong><a href=\"http:\/\/www.assocardan.org\/PDF\/Formation\/programme_formation_25.pdf\" target=\"_blank\" rel=\"noreferrer noopener\">cliquez ici<\/a><\/strong>) <\/p>\n\n\n\n<div style=\"height:20px\" aria-hidden=\"true\" class=\"wp-block-spacer\"><\/div>\n\n\n\n<h4 class=\"wp-block-heading\"><strong>Pr\u00e9requis \u2014<\/strong><\/h4>\n\n\n\n<p>aucun pr\u00e9requis n\u2019est demand\u00e9.<br \/>Tout public \u00e2g\u00e9 de plus de 16 ans sorti du parcours d\u2019enseignement scolaire.<\/p>\n\n\n\n<div style=\"height:20px\" aria-hidden=\"true\" class=\"wp-block-spacer\"><\/div>\n\n\n\n<h4 class=\"wp-block-heading\"><strong>M\u00e9thode p\u00e9dagogique \u2014<\/strong><\/h4>\n\n\n\n<p>Le formateur est aussi en situation d\u2019apprentissage et d\u2019\u00e9change : l\u2019apprentissage de cr\u00e9ation d\u2019outils les mieux adapt\u00e9s \u00e0 chaque apprenant favorise l\u2019individualisation du parcours de formation aux savoirs de base, au sein m\u00eame du module.<\/p>\n\n\n\n<p>Nous appr\u00e9cions particuli\u00e8rement la m\u00e9thode de la p\u00e9dagogie de la m\u00e9diation.<\/p>\n\n\n\n<div style=\"height:20px\" aria-hidden=\"true\" class=\"wp-block-spacer\"><\/div>\n\n\n\n<h4 class=\"wp-block-heading\"><strong>Modalit\u00e9 d\u2019\u00e9valuation \u2014<\/strong><\/h4>\n\n\n\n<p>Des \u00e9valuations sont faites \u00e0 chaque fin de p\u00e9riode<\/p>\n\n\n\n<div style=\"height:20px\" aria-hidden=\"true\" class=\"wp-block-spacer\"><\/div>\n\n\n\n<h4 class=\"wp-block-heading\"><strong>Conditions d\u2019acc\u00e8s \u2014<\/strong><\/h4>\n\n\n\n<p>inscription pr\u00e9alable<\/p>\n\n\n\n<div style=\"height:20px\" aria-hidden=\"true\" class=\"wp-block-spacer\"><\/div>\n\n\n\n<h4 class=\"wp-block-heading\"><strong>Validation \u2014<\/strong><\/h4>\n\n\n\n<p>attestation de suivi de formation<\/p>\n\n\n\n<div style=\"height:20px\" aria-hidden=\"true\" class=\"wp-block-spacer\"><\/div>\n\n\n\n<h4 class=\"wp-block-heading\"><strong>Accessibilit\u00e9 \u2014<\/strong><\/h4>\n\n\n\n<p>locaux accessibles aux personnes en situations de handicap<\/p>\n\n\n\n<div style=\"height:20px\" aria-hidden=\"true\" class=\"wp-block-spacer\"><\/div>\n\n\n\n<h4 class=\"wp-block-heading\"><strong>T\u00e9moignages \u2014<\/strong><\/h4>\n\n\n\n<p>\u00ab Ma femme aujourd\u2019hui, elle arrive \u00e0 rencontrer les m\u00e9decins avec les enfants toute seule, elle arrive \u00e0 aller au travail sans avoir besoin de moi, elle arrive \u00e0 faire ses d\u00e9marches p\u00f4le emploi toute seule, elle arrive \u00e0 aller sur l\u2019ordinateur pour faire son CV et \u00e7a c\u2019est des choses, m\u00eame moi j\u2019arrive pas \u00e0 taper correctement, elle, elle arrive \u00e0 le taper, alors que quand elle est arriv\u00e9e, elle ne savait m\u00eame pas tenir bien le stylo. \u00bb<\/p>\n\n\n\n<div style=\"height:20px\" aria-hidden=\"true\" class=\"wp-block-spacer\"><\/div>\n\n\n\n<p>\u00ab Au Cardan, c\u2019est le seul endroit o\u00f9 on m\u2019a rien demand\u00e9, on m\u2019a juste demand\u00e9 de m\u2019asseoir et ils avaient organis\u00e9 des professeurs qui \u00e9taient debout pendant des heures et des heures pour que je puisse acqu\u00e9rir ces connaissances et aujourd\u2019hui j\u2019en suis fier et je partage pleinement cette belle culture avec vous. \u00bb<\/p>\n<\/div>\n\n\n\n<div class=\"wp-block-column is-layout-flow wp-block-column-is-layout-flow\" style=\"flex-basis:33.33%\">\n<h3 class=\"wp-block-heading has-text-align-center has-white-color has-vivid-green-cyan-background-color has-text-color has-background\" style=\"font-size:25px\">informations compl\u00e9mentaires<\/h3>\n\n\n\n<div class=\"wp-block-columns has-cyan-bluish-gray-background-color has-background is-layout-flex wp-container-core-columns-is-layout-9d6595d7 wp-block-columns-is-layout-flex\">\n<div class=\"wp-block-column is-layout-flow wp-block-column-is-layout-flow\">\n<h4 class=\"wp-block-heading\">Inscription<\/h4>\n\n\n\n<p>Prendre rendez-vous au <strong>03 22 92 03 26<\/strong> <\/p>\n\n\n\n<p>ou permanence d\u2019accueil du lundi au jeudi de 9 h \u00e0 12 h et de 14 h \u00e0 17 h<\/p>\n\n\n\n<div style=\"height:20px\" aria-hidden=\"true\" class=\"wp-block-spacer\"><\/div>\n\n\n\n<h4 class=\"wp-block-heading\">Dur\u00e9e<\/h4>\n\n\n\n<p>80 heures reconductibles<\/p>\n\n\n\n<div style=\"height:20px\" aria-hidden=\"true\" class=\"wp-block-spacer\"><\/div>\n\n\n\n<h4 class=\"wp-block-heading\">Lieu de formation<\/h4>\n\n\n\n<p>91 rue Saint-Roch 80 000 Amiens <\/p>\n\n\n\n<div style=\"height:20px\" aria-hidden=\"true\" class=\"wp-block-spacer\"><\/div>\n\n\n\n<h4 class=\"wp-block-heading\">D\u00e9lai d&#8217;entr\u00e9e en formation<\/h4>\n\n\n\n<p>de 2 \u00e0 4 semaines<\/p>\n\n\n\n<div style=\"height:20px\" aria-hidden=\"true\" class=\"wp-block-spacer\"><\/div>\n\n\n\n<h4 class=\"wp-block-heading\">Voie d\u2019acc\u00e8s<\/h4>\n\n\n\n<p>Pas de pr\u00e9requis<\/p>\n\n\n\n<div style=\"height:20px\" aria-hidden=\"true\" class=\"wp-block-spacer\"><\/div>\n\n\n\n<h4 class=\"wp-block-heading\">Intervenants<\/h4>\n\n\n\n<p>Formateurs professionnels dipl\u00f4m\u00e9s et formateurs b\u00e9n\u00e9voles avec exp\u00e9rience<\/p>\n\n\n\n<div style=\"height:20px\" aria-hidden=\"true\" class=\"wp-block-spacer\"><\/div>\n\n\n\n<h4 class=\"wp-block-heading\">Contact<\/h4>\n\n\n\n<p>Pour toute autre demande, <strong><a href=\"https:\/\/www.assocardan.org\/?page_id=2875\" target=\"_blank\" rel=\"noreferrer noopener\">nous contacter<\/a><\/strong><\/p>\n\n\n\n<div style=\"height:20px\" aria-hidden=\"true\" class=\"wp-block-spacer\"><\/div>\n\n\n\n<h4 class=\"wp-block-heading\">Co\u00fbt<\/h4>\n\n\n\n<p>10,00 \u20ac\/heure<\/p>\n\n\n\n<p><strong><a rel=\"noreferrer noopener\" href=\"https:\/\/www.assocardan.org\/?page_id=2875\" target=\"_blank\">Contactez-nous<\/a><\/strong> pour un devis personnalis\u00e9.<\/p>\n\n\n\n<div style=\"height:10px\" aria-hidden=\"true\" class=\"wp-block-spacer\"><\/div>\n\n\n\n<div class=\"wp-block-buttons is-layout-flex wp-block-buttons-is-layout-flex\">\n<div class=\"wp-block-button has-custom-width wp-block-button__width-100\"><a class=\"wp-block-button__link wp-element-button\" href=\"http:\/\/www.assocardan.org\/PDF\/Formation\/conditions_generales_de_vente.pdf\" target=\"_blank\" rel=\"noreferrer noopener\"><strong>Conditions g\u00e9n\u00e9rales de vente<\/strong><\/a><\/div>\n<\/div>\n\n\n\n<div style=\"height:20px\" aria-hidden=\"true\" class=\"wp-block-spacer\"><\/div>\n\n\n\n<h4 class=\"wp-block-heading\">Taux de satisfaction<\/h4>\n\n\n\n<p>100 % ( <strong><a href=\"http:\/\/www.assocardan.org\/PDF\/AG\/ag-25-26.pdf#page=23\" target=\"_blank\" rel=\"noreferrer noopener\">voir le tableau<\/a><\/strong> )<\/p>\n\n\n\n<div style=\"height:20px\" aria-hidden=\"true\" class=\"wp-block-spacer\"><\/div>\n\n\n\n<h4 class=\"wp-block-heading\">Accessibilit\u00e9<\/h4>\n\n\n\n<p>Accessible aux personnes en situations de handicap<\/p>\n\n\n\n<div style=\"height:20px\" aria-hidden=\"true\" class=\"wp-block-spacer\"><\/div>\n\n\n\n<figure class=\"wp-block-image size-large\"><img loading=\"lazy\" decoding=\"async\" width=\"768\" height=\"1024\" src=\"https:\/\/www.assocardan.org\/wp-content\/uploads\/2021\/12\/IMG_0457-768x1024.jpg\" alt=\"\" class=\"wp-image-8894\" srcset=\"https:\/\/www.assocardan.org\/wp-content\/uploads\/2021\/12\/IMG_0457-768x1024.jpg 768w, https:\/\/www.assocardan.org\/wp-content\/uploads\/2021\/12\/IMG_0457-225x300.jpg 225w, https:\/\/www.assocardan.org\/wp-content\/uploads\/2021\/12\/IMG_0457-1152x1536.jpg 1152w, https:\/\/www.assocardan.org\/wp-content\/uploads\/2021\/12\/IMG_0457-1536x2048.jpg 1536w, https:\/\/www.assocardan.org\/wp-content\/uploads\/2021\/12\/IMG_0457-750x1000.jpg 750w, https:\/\/www.assocardan.org\/wp-content\/uploads\/2021\/12\/IMG_0457-400x533.jpg 400w, https:\/\/www.assocardan.org\/wp-content\/uploads\/2021\/12\/IMG_0457-430x573.jpg 430w, https:\/\/www.assocardan.org\/wp-content\/uploads\/2021\/12\/IMG_0457-150x200.jpg 150w, https:\/\/www.assocardan.org\/wp-content\/uploads\/2021\/12\/IMG_0457-100x133.jpg 100w, https:\/\/www.assocardan.org\/wp-content\/uploads\/2021\/12\/IMG_0457-1320x1760.jpg 1320w, https:\/\/www.assocardan.org\/wp-content\/uploads\/2021\/12\/IMG_0457-scaled.jpg 1920w\" sizes=\"auto, (max-width: 768px) 100vw, 768px\" \/><\/figure>\n<\/div>\n<\/div>\n<\/div>\n<\/div>\n\n\n\n<div style=\"height:100px\" aria-hidden=\"true\" class=\"wp-block-spacer\"><\/div>\n\n\n\n<p><em>Vous trouverez d&#8217;autres informations sur la formation au Cardan, en lisant notre dernier rapport d\u2019orientation et d\u2019activit\u00e9s. <a href=\"http:\/\/www.assocardan.org\/PDF\/AG\/ag-25-26.pdf#page=19\" target=\"_blank\" rel=\"noreferrer noopener\"><strong>Veuillez cliquer ici<\/strong><\/a>.<\/em><\/p>\n\n\n\n<div style=\"height:100px\" aria-hidden=\"true\" class=\"wp-block-spacer\"><\/div>\n\n\n\n<p><em>Mis \u00e0 jour le 10\/03\/202<\/em>6<\/p>\n","protected":false},"excerpt":{"rendered":"<p>formation Fran\u00e7ais Langue d\u2019Int\u00e9gration \u00e0 Amiens Saint-Roch Contexte \u2014 Pour la naturalisation d\u2019un \u00e9tranger, il est demand\u00e9 le niveau B1 relatif \u00e0 la ma\u00eetrise de la langue fran\u00e7aise. Il est [&hellip;]<\/p>\n","protected":false},"author":1,"featured_media":0,"parent":0,"menu_order":0,"comment_status":"closed","ping_status":"closed","template":"page_fullwidth.php","meta":{"footnotes":""},"class_list":["post-8816","page","type-page","status-publish","hentry"],"_links":{"self":[{"href":"https:\/\/www.assocardan.org\/index.php?rest_route=\/wp\/v2\/pages\/8816","targetHints":{"allow":["GET"]}}],"collection":[{"href":"https:\/\/www.assocardan.org\/index.php?rest_route=\/wp\/v2\/pages"}],"about":[{"href":"https:\/\/www.assocardan.org\/index.php?rest_route=\/wp\/v2\/types\/page"}],"author":[{"embeddable":true,"href":"https:\/\/www.assocardan.org\/index.php?rest_route=\/wp\/v2\/users\/1"}],"replies":[{"embeddable":true,"href":"https:\/\/www.assocardan.org\/index.php?rest_route=%2Fwp%2Fv2%2Fcomments&post=8816"}],"version-history":[{"count":21,"href":"https:\/\/www.assocardan.org\/index.php?rest_route=\/wp\/v2\/pages\/8816\/revisions"}],"predecessor-version":[{"id":10470,"href":"https:\/\/www.assocardan.org\/index.php?rest_route=\/wp\/v2\/pages\/8816\/revisions\/10470"}],"wp:attachment":[{"href":"https:\/\/www.assocardan.org\/index.php?rest_route=%2Fwp%2Fv2%2Fmedia&parent=8816"}],"curies":[{"name":"wp","href":"https:\/\/api.w.org\/{rel}","templated":true}]}}