{"id":8922,"date":"2022-01-13T14:15:26","date_gmt":"2022-01-13T13:15:26","guid":{"rendered":"https:\/\/www.assocardan.org\/?page_id=8922"},"modified":"2024-06-27T13:54:49","modified_gmt":"2024-06-27T11:54:49","slug":"mentions-legales","status":"publish","type":"page","link":"https:\/\/www.assocardan.org\/?page_id=8922","title":{"rendered":"Mentions L\u00e9gales"},"content":{"rendered":"\n<h2 class=\"wp-block-heading\">Propri\u00e9taire \/ \u00c9diteur du Site :<\/h2>\n\n\n\n<div style=\"height:10px\" aria-hidden=\"true\" class=\"wp-block-spacer\"><\/div>\n\n\n\n<p><strong>Raison sociale :<\/strong> Association Cardan<\/p>\n\n\n\n<p><strong>Adresse :<\/strong> 91 rue Saint-Roch 80000 AMIENS<\/p>\n\n\n\n<p><strong>T\u00e9l\u00e9phone :<\/strong> 03 22 92 03 26<\/p>\n\n\n\n<p><strong>E-mail :<\/strong> Lectures@assocardan.org<\/p>\n\n\n\n<p><strong>Forme juridique :<\/strong> Association loi 1901<\/p>\n\n\n\n<p><strong>N\u00b0 de Siret :<\/strong> 326 803 186 000 13<\/p>\n\n\n\n<p><strong>Responsables \u00e9ditoriaux :<\/strong> L&#8217;association Cardan<\/p>\n\n\n\n<p><strong>Webmasters :<\/strong> Francis MIZIO et Denis LIC\u00c9<\/p>\n\n\n\n<div style=\"height:50px\" aria-hidden=\"true\" class=\"wp-block-spacer\"><\/div>\n\n\n\n<h2 class=\"wp-block-heading\">H\u00e9bergement<\/h2>\n\n\n\n<div style=\"height:10px\" aria-hidden=\"true\" class=\"wp-block-spacer\"><\/div>\n\n\n\n<h4 class=\"wp-block-heading\"><strong>OVH<\/strong><\/h4>\n\n\n\n<p><strong>Adresse :<\/strong> 2 rue Kellermann 59100 Roubaix \u2013 France<br \/><strong>Site web :<\/strong> <a href=\"https:\/\/www.ovhcloud.com\/fr\/\" target=\"_blank\" rel=\"noreferrer noopener\">https:\/\/www.ovhcloud.com\/fr\/<\/a><\/p>\n\n\n\n<div style=\"height:50px\" aria-hidden=\"true\" class=\"wp-block-spacer\"><\/div>\n\n\n\n<h3 class=\"wp-block-heading\">Loi informatique et libert\u00e9s<\/h3>\n\n\n\n<p>Conform\u00e9ment \u00e0 la loi \u00ab Informatique et Libert\u00e9s \u00bb, vous disposez d\u2019un droit d\u2019acc\u00e8s et de rectification aux donn\u00e9es qui vous concernent (art. 34 de la Loi \u00ab Informatiques et libert\u00e9s \u00bb du 6 janvier 1978).<\/p>\n\n\n\n<div style=\"height:10px\" aria-hidden=\"true\" class=\"wp-block-spacer\"><\/div>\n\n\n\n<h3 class=\"wp-block-heading\">Propri\u00e9t\u00e9 Intellectuelle<\/h3>\n\n\n\n<p>Tous les droits de reproduction sont r\u00e9serv\u00e9s, y compris les repr\u00e9sentations iconographiques et photographiques. La reproduction, adaptation et\/ou traduction de tout ou une partie de ce site sur un support quel qu&#8217;il soit, est formellement interdite sauf autorisation de l&#8217;association Cardan (application de la loi du 11 mars 1957 (art. 41) et du code de la propri\u00e9t\u00e9 intellectuelle du 1er juillet 1992).<\/p>\n\n\n\n<div style=\"height:10px\" aria-hidden=\"true\" class=\"wp-block-spacer\"><\/div>\n\n\n\n<h3 class=\"wp-block-heading\">Liens hypertextes<\/h3>\n\n\n\n<p>Ce site peut avoir \u00e9t\u00e9 reli\u00e9 \u00e0 d\u2019autres sites par le biais de liens hypertextes. L\u2019association Cardan d\u00e9cline toute responsabilit\u00e9 pour les informations pr\u00e9sent\u00e9es sur ces autres sites.<\/p>\n\n\n\n<div style=\"height:10px\" aria-hidden=\"true\" class=\"wp-block-spacer\"><\/div>\n\n\n\n<h3 class=\"wp-block-heading\">Modification du site<\/h3>\n\n\n\n<p>L&#8217;\u00e9quipe \u00e9ditoriale se r\u00e9serve le droit de modifier ou de corriger le contenu de ce site et de ces mentions l\u00e9gales \u00e0 tout moment et ceci sans pr\u00e9avis.<\/p>\n\n\n\n<div style=\"height:10px\" aria-hidden=\"true\" class=\"wp-block-spacer\"><\/div>\n\n\n\n<h3 class=\"wp-block-heading\">Donn\u00e9es personnelles<\/h3>\n\n\n\n<p>De mani\u00e8re g\u00e9n\u00e9rale, vous n\u2019\u00eates pas tenu de nous communiquer vos donn\u00e9es personnelles lorsque vous visitez notre site. Cependant, pour certains services propos\u00e9s par notre site, vous pouvez \u00eatre amen\u00e9s \u00e0 nous communiquer certaines donn\u00e9es telles que votre nom ou votre courriel. Toutefois, ces informations resteront confidentielles.<\/p>\n","protected":false},"excerpt":{"rendered":"<p>Propri\u00e9taire \/ \u00c9diteur du Site : Raison sociale : Association Cardan Adresse : 91 rue Saint-Roch 80000 AMIENS T\u00e9l\u00e9phone : 03 22 92 03 26 E-mail : Lectures@assocardan.org Forme juridique [&hellip;]<\/p>\n","protected":false},"author":1,"featured_media":0,"parent":0,"menu_order":0,"comment_status":"closed","ping_status":"closed","template":"","meta":{"footnotes":""},"class_list":["post-8922","page","type-page","status-publish","hentry"],"_links":{"self":[{"href":"https:\/\/www.assocardan.org\/index.php?rest_route=\/wp\/v2\/pages\/8922","targetHints":{"allow":["GET"]}}],"collection":[{"href":"https:\/\/www.assocardan.org\/index.php?rest_route=\/wp\/v2\/pages"}],"about":[{"href":"https:\/\/www.assocardan.org\/index.php?rest_route=\/wp\/v2\/types\/page"}],"author":[{"embeddable":true,"href":"https:\/\/www.assocardan.org\/index.php?rest_route=\/wp\/v2\/users\/1"}],"replies":[{"embeddable":true,"href":"https:\/\/www.assocardan.org\/index.php?rest_route=%2Fwp%2Fv2%2Fcomments&post=8922"}],"version-history":[{"count":11,"href":"https:\/\/www.assocardan.org\/index.php?rest_route=\/wp\/v2\/pages\/8922\/revisions"}],"predecessor-version":[{"id":9814,"href":"https:\/\/www.assocardan.org\/index.php?rest_route=\/wp\/v2\/pages\/8922\/revisions\/9814"}],"wp:attachment":[{"href":"https:\/\/www.assocardan.org\/index.php?rest_route=%2Fwp%2Fv2%2Fmedia&parent=8922"}],"curies":[{"name":"wp","href":"https:\/\/api.w.org\/{rel}","templated":true}]}}